122?
88
Calculate the remainder when 24772817 is divided by 3013.
2944
Calculate the remainder when 6266705 is divided by 16937.
15
What is the remainder when 314232 is divided by 11876?
5456
Calculate the remainder when 10946497 is divided by 76.
65
Calculate the remainder when 47707764 is divided by 42.
6
What is the remainder when 830859 is divided by 28?
15
What is the remainder when 83661346 is divided by 6501?
6478
Calculate the remainder when 868748 is divided by 1910.
1608
What is the remainder when 2282772 is divided by 59?
3
Calculate the remainder when 1107612 is divided by 1482.
558
Calculate the remainder when 1034542 is divided by 1752.
862
What is the remainder when 57441 is divided by 19?
4
Calculate the remainder when 448794272 is divided by 12.
8
Calculate the remainder when 201828 is divided by 20162.
208
Calculate the remainder when 4457521 is divided by 1341.
37
What is the remainder when 4057838 is divided by 96?
14
What is the remainder when 40644928 is divided by 4?
0
What is the remainder when 3315507 is divided by 599?
42
Calculate the remainder when 1587221 is divided by 529073.
2
Calculate the remainder when 21149013 is divided by 43161.
123
Calculate the remainder when 976815 is divided by 162798.
27
What is the remainder when 35939009 is divided by 3258?
11
What is the remainder when 710042 is divided by 709631?
411
What is the remainder when 3429910 is divided by 2775?
10
What is the remainder when 5872656 is divided by 163129?
12
What is the remainder when 2848 is divided by 361?
321
What is the remainder when 322727 is divided by 2?
1
What is the remainder when 1521584 is divided by 190165?
264
Calculate the remainder when 11047629 is divided by 356375.
4
Calculate the remainder when 86553 is divided by 7208.
57
Calculate the remainder when 789556 is divided by 131404.
1132
Calculate the remainder when 279144 is divided by 92691.
1071
What is the remainder when 79469927 is divided by 46?
5
What is the remainder when 3222063 is divided by 1611025?
13
Calculate the remainder when 103313420 is divided by 787.
782
What is the remainder when 432115 is divided by 2918?
251
Calculate the remainder when 31619831 is divided by 71538.
35
Calculate the remainder when 184720 is divided by 2124.
2056
What is the remainder when 68157 is divided by 566?
237
Calculate the remainder when 269329 is divided by 88698.
3235
Calculate the remainder when 191495 is divided by 37281.
5090
What is the remainder when 794641 is divided by 3471?
3253
Calculate the remainder when 32001638 is divided by 1600081.
18
What is the remainder when 2791482 is divided by 62?
56
What is the remainder when 429081 is divided by 214483?
115
Calculate the remainder when 2179024 is divided by 236.
36
Calculate the remainder when 1473531 is divided by 913.
862
Calculate the remainder when 1449424 is divided by 300.
124
What is the remainder when 101242 is divided by 177?
175
What is the remainder when 98537 is divided by 49242?
53
Calculate the remainder when 46932 is divided by 95.
2
What is the remainder when 551439 is divided by 105?
84
What is the remainder when 131353 is divided by 981?
880
Calculate the remainder when 24947745 is divided by 1972.
1945
Calculate the remainder when 312658 is divided by 77710.
1818
Calculate the remainder when 52529406 is divided by 3869.
3862
What is the remainder when 32893278 is divided by 1376?
1374
What is the remainder when 126164 is divided by 804?
740
Calculate the remainder when 431651 is divided by 15391.
703
What is the remainder when 144564 is divided by 3612?
84
What is the remainder when 30939 is divided by 4398?
153
What is the remainder when 33461436 is divided by 13?
8
Calculate the remainder when 1502470 is divided by 751211.
48
What is the remainder when 1131375 is divided by 383?
376
What is the remainder when 7658312 is divided by 319096?
8
What is the remainder when 427373 is divided by 63?
44
Calculate the remainder when 567019242 is divided by 44.
42
Calculate the remainder when 170721 is divided by 271.
262
Calculate the remainder when 93386 is divided by 23155.
766
Calculate the remainder when 158445811 is divided by 131.
1
What is the remainder when 8200 is divided by 541?
85
What is the remainder when 50346 is divided by 680?
26
Calculate the remainder when 174694 is divided by 101.
65
Calculate the remainder when 47743 is divided by 4734.
403
Calculate the remainder when 479702088 is divided by 821.
819
Calculate the remainder when 15495677 is divided by 99.
98
Calculate the remainder when 531553086 is divided by 704.
702
What is the remainder when 3931915 is divided by 1965926?
63
Calculate the remainder when 50624 is divided by 25267.
90
What is the remainder when 360839 is divided by 120254?
77
Calculate the remainder when 1301527 is divided by 68499.
46
Calculate the remainder when 7303623 is divided by 28.
19
What is the remainder when 5461788 is divided by 237466?
70
What is the remainder when 202796 is divided by 16802?
1172
Calculate the remainder when 29085428 is divided by 14542685.
58
Calculate the remainder when 13656301 is divided by 1167.
67
Calculate the remainder when 72297 is divided by 21065.
9102
What is the remainder when 509546 is divided by 132?
26
Calculate the remainder when 120181 is divided by 2272.
2037
What is the remainder when 122919661 is divided by 893?
890
Calculate the remainder when 79732 is divided by 905.
92
Calculate the remainder when 94108967 is divided by 23527238.
15
What is the remainder when 124310 is divided by 3342?
656
Calculate the remainder when 766333 is divided by 14737.
9
What is the remainder when 2598628 is divided by 54138?
4
Calculate the remainder when 6633526 is divided by 1658378.
14
Calculate the remainder when 262947878 is divided by 520.
518
What is the remainder when 44885 is divided by 248?
245
Calculate the remainder when 1931073 is divided by 97.
94
What is the remainder when 2059162 is divided by 3871?
3661
Calculate the remainder when 1383318 is divided by 856.
22
What is the remainder when 2395390 is divided by 2393?
2390
Calculate the remainder when 1314129 is divided by 48670.
39
Calculate the remainder when 9135948 is divided by 1522656.
12
Calculate the remainder when 359719437 is divided by 5374.
5373
Calculate the remainder when 363188473 is divided by 17.
14
What is the remainder when 7214188 is divided by 237?
145
Calculate the remainder when 23640 is divided by 832.
344
What is the remainder when 3660794 is divided by 847?
60
Calculate the remainder when 281075792 is divided by 39.
23
What is the remainder when 479090177 is divided by 1358?
1357
Calculate the remainder when 91115675 is divided by 1258.
1251
Calculate the remainder when 1462535 is divided by 1050.
935
What is the remainder when 8491468 is divided by 154390?
18
What is the remainder when 5913814 is divided by 1904?
1894
Calculate the remainder when 55071837 is divided by 4764.
4761
What is the remainder when 1188395 is divided by 1188385?
10
Calculate the remainder when 147352 is divided by 29358.
562
What is the remainder when 11319293 is divided by 17?
13
What is the remainder when 6847401 is divided by 36?
21
Calculate the remainder when 878449 is divided by 43.
2
Calculate the remainder when 26164 is divided by 422.
0
What is the remainder when 50221074 is divided by 1512?
1506
Calculate the remainder when 128675336 is divided by 22.
20
What is the remainder when 2547440 is divided by 849126?
62
Calculate the remainder when 169951 is divided by 6067.
75
What is the remainder when 186481 is divided by 15479?
733
What is the remainder when 61138 is divided by 1661?
1342
Calculate the remainder when 57876003 is divided by 84000.
3
What is the remainder when 6356013 is divided by 54?
51
Calculate the remainder when 36389 is divided by 1289.
297
Calculate the remainder when 435142 is divided by 386.
120
Calculate the remainder when 142154 is divided by 3588.
2222
Calculate the remainder when 248977994 is divided by 1021.
1018
What is the remainder when 825881 is divided by 2060?
1881
What is the remainder when 3964469 is divided by 88099?
14
Calculate the remainder when 56386913 is divided by 31875.
38
Calculate the remainder when 64761370 is div